actors of ((-3268)/a)/((-1)/((-6)/4))?
2, 43
Suppose 44*q - 58015 = 313301. List the prime factors of q.
3, 29, 97
Suppose 20*d = -3*d + 88023 + 28035. List the prime factors of d.
2, 3, 29
Suppose 578 - 148 = -2*y. Let v be y/(-25) + (-2)/(-5). Let r(p) = 2*p**2 - 15*p + 21. What are the prime factors of r(v)?
2, 3
Suppose 2*j = -4*z + 87224, 35*j = -5*z + 36*j + 109009. What are the prime factors of z?
21803
Let q(k) = 5 - 10 - 2*k - 12 - 5. Let o be q(-14). Let h = 16 + o. List the prime factors of h.
2, 11
Let b be (-10)/(0 - -1)*490/(-196). Suppose b*i - 10337 = 5788. What are the prime factors of i?
3, 5, 43
Let l = 3050 + 13273. List the prime factors of l.
3, 5441
Let z be 2/10 - 36/(-20). Suppose -4 = 4*a - 2*a + 4*x, -4*x = 3*a. Suppose z*l + 29 + 95 = 2*k, l - 238 = -a*k. List the prime factors of k.
2, 3, 5
What are the prime factors of 3043 + -9 + (-7 - -11)?
2, 7, 31
Suppose -21 = -z + 19. Suppose 0 = -v, 8*s - 4*v = 4*s + 716. Let k = s - z. List the prime factors of k.
139
Let b be (-5)/(75/20)*(-3 + 0). Suppose 3*x - b*g = 2360, 3*g - 1545 = 2*x - 4*x. What are the prime factors of x?
2, 3, 5, 13
Suppose u - 99 = 2*l + 243, 0 = u - l - 343. Suppose -4*v - 269 = -0*v + 475. Let n = u + v. What are the prime factors of n?
2, 79
Let o(b) = -b**3 + 5*b**2 + 2*b - 1. Let g be o(-3). Suppose j - 57 = g. Suppose j = 4*k - 42. What are the prime factors of k?
41
Let s be (-36)/45 + 112/(-10). Let o(u) = -4*u - 15. Let w(i) = -3*i - 16. Let t(g) = 4*o(g) - 5*w(g). What are the prime factors of t(s)?
2
Let s be (-4)/(-1)*4/(28/(-35)). Let q be 2*5/s*2. List the prime factors of (q - (-6 + 3))*(-27)/(-2).
3
Suppose 412793 = -65*g + 1115607 + 1265906. What are the prime factors of g?
2, 3, 631
Suppose -16*k + 44 + 36 = 0. Suppose -k*z - 3310 = -15*z. What are the prime factors of z?
331
List the prime factors of (-66 + -898)/((-8)/10)*(-21)/(-15).
7, 241
Suppose -53*w + 3034 + 6135 = 0. Let s = 209 + w. What are the prime factors of s?
2, 191
Suppose z + 917 = n, 3*n + 2*z - 1505 = 1276. List the prime factors of n.
13, 71
Let v = -4063 + 18542. List the prime factors of v.
14479
Let x(j) = -3*j**2 - 2*j + 15. Let l be x(-8). Let i be ((-559)/(-26))/(1/(-14)). Let p = l - i. What are the prime factors of p?
2, 5, 7
Suppose 30 = -0*v + 3*v. Suppose -13*s = -v*s - 24. What are the prime factors of 8/s - (-59)/1?
2, 3, 5
Let h be -4677*((0 - (0 - 1)) + 0). What are the prime factors of h/(-18) - -4 - (-2)/12?
2, 3, 11
Let m = 47 + -56. Let n be m/((-9)/4)*11. Let b = n - -162. List the prime factors of b.
2, 103
Let i(h) = h + 22. Let g be i(-5). Let k(p) = -158 + 149 - 13*p - g*p. What are the prime factors of k(-4)?
3, 37
Let m be -2 - 3*(-2)/3. Suppose m = -26*a + 31*a. Suppose a*b + 2*i = 3*b - 515, 2 = i. List the prime factors of b.
173
Let q(y) = 2*y**2 - 3*y + 384. List the prime factors of q(17).
911
Let q = -54339 + 77714. List the prime factors of q.
5, 11, 17
Suppose -2*q + 2*k = 6, -4*k = -13 + 9. List the prime factors of q/(-3) - (6490/6)/(-5).
7, 31
Let k(a) = -3*a**2 + 14*a + 60. Let m be k(-11). Let b = m + 835. List the prime factors of b.
2, 3, 7
Let s(r) = -r + 9. Let x be s(8). Let z(b) = -101*b**3 + b**2. Let n be z(x). Let c = 173 + n. List the prime factors of c.
73
Let r(k) = 54*k + 71. Let a be ((-39)/2)/(-3) + (-21)/42. What are the prime factors of r(a)?
5, 79
Suppose 0 = -4*y + 2*i + 31970, 61*y = 62*y - i - 7990. What are the prime factors of y?
3, 5, 13, 41
Let d be (-16)/(-5) - (-2 - (-33)/15). Suppose 4*x + 22*g = 17*g + 830, -d*g = -6. What are the prime factors of x?
5, 41
Let t be (-4 + 12)*4/16. List the prime factors of (-3)/t*(-40)/60*367.
367
Suppose -23*u - 10155 = 1989. Let y = u - -932. What are the prime factors of y?
2, 101
Suppose 5*k - 356 = -d - 2*d, -2*d - 276 = -4*k. Let y be k/(-42)*(1 - 10). Let r = y + 65. List the prime factors of r.
2, 5
Let j(y) = -15*y + 11. Suppose 0*v + 2*v - 17 = 3*o, -11 = -3*o - 5*v. Let l be 112/(-21) + -4 - (-2)/o. What are the prime factors of j(l)?
7, 23
Suppose -o = 2*t, -2*t = 3*o - t. Suppose o = -5*m + 3*p + 2948, 0 = -m - 3*p + 345 + 259. What are the prime factors of m?
2, 37
Let h(n) = -2*n + 11 + 0*n**2 + 7*n**2 + 1 + 2*n**2 + 5*n. List the prime factors of h(-9).
2, 3, 7, 17
Suppose 6 - 18 = -4*l. Suppose 5*h - 26 = -n, 8*h + 18 = 3*n + l*h. Suppose -3*t = n*t - 2394. List the prime factors of t.
3, 19
Suppose 4*w + 2*d - 12 = 6*d, 0 = -4*d + 8. Suppose 0 = 3*t - 2*a + 2, t + w*a - 5 = -t. Suppose t = -4*m + 154 + 10. List the prime factors of m.
41
Let l(k) = -2*k**2 + 4*k + 9. Let m be l(3). Let o be (-1 + (-68)/(-12))*m/2. Suppose 3*d - 70 = -o. What are the prime factors of d?
3, 7
Suppose -5*k - 3*t = -6*t + 1135, -k + 4*t - 244 = 0. Let p be 3/(436/k + 2). What are the prime factors of (-114)/(-4)*p/21?
2, 19
Let b = -170 - -189. What are the prime factors of (-2 + -135)*(-57)/b?
3, 137
Suppose -154*u + 85*u = -110262. What are the prime factors of u?
2, 17, 47
Let s(v) be the second derivative of 277*v**5/10 - v**4/12 - v**3/6 + v**2/2 - v + 6. What are the prime factors of s(1)?
7, 79
Suppose -35 = 2*h - p - 8, 2*p = 3*h + 42. List the prime factors of ((-61)/4 - 3)*h.
3, 73
Let p(d) = 9*d - 187. Let x be p(23). Let i(a) = -a**3 + 22*a**2 - 23*a - 31. List the prime factors of i(x).
3, 103
Suppose -16*j + 1203384 = 43*j - 7*j. List the prime factors of j.
2, 3, 7, 19, 29
List the prime factors of (-11046)/(-4) + (42/56 - 2/8).
2, 1381
Let l be -7 + (3/2)/(24/32). Let h(n) = n**2 + 3*n - 7. Let o be h(l). Suppose o*b = 797 - 251. What are the prime factors of b?
2, 7, 13
Let s = -1965 - -2884. Suppose d - 59 = 4*g + 411, 2*d - g = s. What are the prime factors of d?
2, 229
Suppose -156315 = 28*g - 34*g - t, 4*g - 104206 = -2*t. List the prime factors of g.
26053
Let a be (0 - (-4)/(-6))/(42/80766). Let d = -258 - a. List the prime factors of d.
2
Let j(i) = 252*i**2 + 82*i + 452. What are the prime factors of j(-5)?
2, 3, 7, 151
Let j be 16/128 + 97/(-8) - -6. Let m(s) = -253*s + 7. Let u be m(-5). What are the prime factors of 0 - 4 - u/j?
2, 13
Let k = -204 - -208. Suppose k*l - 3068 = 3*o, l - 396 = 5*o + 388. What are the prime factors of l?
2, 191
Let i = 25807 - 14038. List the prime factors of i.
3, 3923
Let j = -7298 - -18361. List the prime factors of j.
13, 23, 37
Let z = 92 - 87. Suppose -3*h + 12 = 5*s - 0*s, z*h - 4*s - 57 = 0. What are the prime factors of (-2)/h - (1102/(-18) - -1)?
2, 3, 5
Let l = 46 - 46. Suppose 0 = -n - 0*n + d + 580, l = 5*n - 4*d - 2900. Suppose 201 + 234 = 3*k - 5*c, 4*k + 4*c = n. List the prime factors of k.
5, 29
Suppose 396152 - 79059 + 821443 = 81*f. What are the prime factors of f?
2, 7, 251
Suppose -12*n + 11*n = -5. Let j = -595 + 1199. Suppose 4*x - 480 = -3*k + x, 4*k - j = n*x. List the prime factors of k.
2, 3, 13
Suppose 69*x = 65*x. Suppose -4*a = g - 3*g + 766, x = -5*g + 5. Let p = a + 356. List the prime factors of p.
3, 5, 11
What are the prime factors of (-672)/288*-49*3?
7
Let o = 578 + 2282. List the prime factors of o.
2, 5, 11, 13
List the prime factors of (-10)/60 + (-78455)/(-102).
769
Let v be ((-20)/8 - -2)*-8. Suppose -3024 = o - v*o. Suppose -697 = -11*t + o. List the prime factors of t.
5, 31
Let j = 188 - 177. Suppose 112 = j*t - 7*t. List the prime factors of t.
2, 7
Let x(o) = -4*o**3 - 5*o**2 - 5*o + 1. Let f be x(-4). Let q = f + 240. List the prime factors of q.
19, 23
Let f(x) = x. Let d(a) = 2*a**3 + a**2 + 7*a + 2. Let v(r) = -d(r) + 4*f(r). Let j be v(-1). List the prime factors of 2/(-12)*j - 890/(-15).
59
Let b = -16 + 16. Suppose b = 4*j - 4*r - 380, 4*j - 4*r - 382 = -r. Suppose 3*h + 72 = 3*i, 4*i + 0 - j = 3*h. What are the prime factors of i?
5
What are the prime factors of 62509 - (-21)/(-9)*-3?
2, 15629
Suppose 0 = 3*k - 5*t - 1407, -6*k - 5*t + 963 = -4*k. List the prime factors of k - 25/(-10)*2.
479
Let k = 67 + -79. Let n = -9 - k. Suppose 0 = -n*x - 0*x + 588. List the prime factors of x.
2, 7
Let f(m) = 171*m**2 - 5*m + 1. Let l be f(1). Suppose -l = -4*j + 133. List the prime factors of j.
3, 5
Suppose 64*g - 3*o - 14364 = 61*g, 5*o - 4800 = -g. What are the prime factors of g?
2, 5, 479
Suppose -160164 = -1609*u + 1591*u. What are the prime fac